 j be 1 - 1/(3/(-15)). Suppose -4 = -2*s + j. What is the units digit of s?
5
Let p be ((-36)/5)/((-8)/(-60)). What is the units digit of (1/(-3))/(3/p)?
6
Let f(n) = -8*n - 32. What is the units digit of f(-15)?
8
Let a(k) = -k. Let y be a(7). Let x(v) = -2*v + 1. What is the units digit of x(y)?
5
Let d = 6 + -2. Suppose d*j = -5*a + 52, 0 = 2*j + 3*j - 2*a - 32. What is the units digit of j?
8
Let v = 4 + -6. Let i(z) = -11*z + 1. Let c be i(v). Let r = c + -6. What is the tens digit of r?
1
Let y(b) = -b**3 - b**2 + 6*b + 5. Let g(p) = 3*p**3 + 2*p**2 - 19*p - 16. Let v(w) = -2*g(w) - 7*y(w). What is the units digit of v(-3)?
9
Let t = -9 - -6. What is the tens digit of 58*t/6*-1?
2
Let k(w) = 2*w - 9. Let z be (-15)/2*4/(-5). What is the units digit of k(z)?
3
What is the tens digit of 279/4 + 2/8?
7
Suppose -3*b + 2*b + 3 = 0. Suppose 0 = -o + 5, -b*o = w - 4*w + 93. What is the tens digit of w?
3
Let j = 9 - 16. Let x = 11 + j. Suppose 2*k - x = -2*k. What is the units digit of k?
1
Let c = 2 + -1. What is the units digit of c?
1
Let s(a) be the first derivative of -a**2 - 2. Let w be s(3). Let z = 4 - w. What is the tens digit of z?
1
Suppose 2*r = 5*r - 2*j - 18, -5*r = -j - 30. Suppose w = r*w - 60. Let g = 20 - w. What is the units digit of g?
8
Suppose 6*z - 14*z = -1320. What is the hundreds digit of z?
1
Suppose -s - 2 = u, 5*s = 2*u + 3*u - 40. What is the units digit of (-1 - -2)*(9 + u)?
2
Let u(p) = p**3 - p**2 - p + 8. Let j be u(0). Let l = j - 9. What is the tens digit of (-291)/(-18) + l/6?
1
Let j = 33 - 9. Let v(g) = g**2 + 5*g + 5. Let b be v(-5). Suppose 4*z + 5*d = -3, 3 - j = -2*z + b*d. What is the units digit of z?
3
Let w(g) = 0*g**2 - 4 - 1 + 5*g - 3*g + g**2. What is the units digit of w(-5)?
0
What is the units digit of (34 - 1) + -4 + 5?
4
Suppose -4*m + 8*m - 1140 = 0. What is the hundreds digit of m?
2
Let t = 130 + -78. What is the units digit of t?
2
Let z be 2/8 - 910/(-8). What is the units digit of (-6)/(-10) + z/10?
2
Let l = -4 + 9. Let w be (5/(l/(-4)))/2. What is the units digit of w/7 + (-58)/(-7)?
8
Suppose -2*h - 32 = 16. Let t = h - -35. What is the units digit of t?
1
Let q(m) = m**3 - 2*m**2 - 4*m - 4. Let d be q(4). Suppose -3*l - 12 = -3*t - 0*t, -3*t - l = -d. What is the units digit of t?
4
Let l(p) = p**3 + 4*p**2 + p. Let o be l(-3). Let g = 3 + o. What is the units digit of g?
9
Let s(g) = -g - 1 - 3 + 7 + 9*g. What is the tens digit of s(4)?
3
Let d be 3 - (-34)/(2/1). What is the units digit of (-28)/(-8)*d/7?
0
Suppose -v + 31 = -5*b, 0 = -2*v - 0*b + 3*b + 62. What is the tens digit of v?
3
Suppose 72 = 2*l + l. Let n be l/(-9)*(3 - 0). What is the units digit of 1/(-1)*0 - n?
8
Let o(h) = -h**2 + h + 16. Let w(j) = -j. Let r be w(0). What is the tens digit of o(r)?
1
Let h be (-2)/3 - 19/3. Let y = 9 - h. Let b = y + -7. What is the units digit of b?
9
Suppose b - 31 = -b - 5*t, 2*b + 3*t = 21. Suppose -2*j - b*j = -40. Let y = j + -5. What is the units digit of y?
3
Suppose g + 3*g - 4 = -4*x, -16 = 4*x. What is the units digit of g?
5
Let z(p) = -29*p - 86. What is the tens digit of z(-11)?
3
Suppose -123 = 7*u - 10*u. What is the units digit of u?
1
Suppose m - 3*m - 22 = -2*j, -3*m + 39 = 5*j. What is the units digit of j?
9
Suppose -t = 2 - 4. Suppose 0 = -2*h - t*h + 8. What is the tens digit of (-3)/(5 - h)*-10?
1
Let g be (-1)/((-1)/7) + -2. Let r = g + -3. What is the units digit of 33/6 - r/4?
5
Let s(y) = 18*y + 2. What is the units digit of s(2)?
8
Let v = 24 + -19. Let p(o) = 2*o**2 - 8*o + 12. What is the units digit of p(v)?
2
Let l(b) = 3*b**3 - 2*b**2 + 10*b + 14. What is the units digit of l(4)?
4
What is the units digit of (-3 + 2 - -11)*9?
0
Let a(o) = o - 1. Let c(d) = -d**3 - 11*d**2 - 14*d - 10. Let q(h) = -4*a(h) - c(h). What is the units digit of q(-10)?
4
Let s = 18 - -33. What is the units digit of s?
1
Suppose -15 = -5*x - 4*v, 3*x = -0*v - 2*v + 9. Suppose -4 - 1 = -5*l - x*t, 3*l + 5*t = 3. What is the units digit of l?
1
Let d(y) = 3*y**2 + 4*y - 1. Let h be d(2). Let x = 17 + h. What is the units digit of x?
6
Let z(p) = -13*p**3 - p**2 - p. Let k be z(-1). Suppose -2*w + 19 = -k. What is the units digit of w?
6
Let k(r) = -r + 7. Let v be k(8). Let o = v + 25. What is the tens digit of 6/4*o/2?
1
Suppose 751 = 4*n + 215. What is the hundreds digit of n?
1
Let m = 21 - 15. Suppose -5*f = i - 20, -i - 3*f - m = -4*i. Let a(q) = -q**3 + 4*q**2 + 5*q + 1. What is the units digit of a(i)?
1
Let t be (-1 - 5/(-2))*2. What is the units digit of ((-3)/2)/(t/(-32))?
6
Let p = 75 - 16. What is the tens digit of p?
5
Suppose 4*x - 3*v = 20, -2*x + 10 = -0*v - 5*v. Suppose -5*d + 2*p + 15 = 0, -x*d + 15 = -2*p + 6*p. What is the units digit of d?
3
Let u = -7 + 10. Let x be (-2 - -1) + (1 - 0). Suppose x = -v + u*v - 18. What is the units digit of v?
9
What is the tens digit of (-7 - -24) + (1 - 2)?
1
Suppose 6 + 3 = n. What is the units digit of (-2)/(((-8)/n)/4)?
9
Let c = 3 - -4. Let r be c/35 - 29/(-5). Let y(h) = h. What is the units digit of y(r)?
6
Let n(h) = -h**2 + 2*h + 3. Let v be n(4). Let l(g) = g**2 + 2*g + 7. Let r be l(v). Suppose r = 4*j - 18. What is the units digit of j?
0
Let h be (-6)/(-4)*(-96)/(-36). Suppose -h*p = -5*p + 33. What is the tens digit of p?
3
Let f(k) = -k**2 + 8*k + 1. Let d(m) = -m - 10. Let y be d(-9). Let a be 16/(4/(-2))*y. What is the units digit of f(a)?
1
Suppose 9 = 2*t + 5*b, 2*b = -3*t + b + 7. Suppose 2*n - 2*c = -t*n + 50, -71 = -4*n - 5*c. What is the tens digit of n?
1
What is the units digit of 27/2*340/51?
0
Let j(g) = -g - 3. Let c be j(-3). Suppose c = 2*l - 4 - 0. Suppose -m - 2*f + 1 = -2, f = -l*m + 3. What is the units digit of m?
1
Suppose -8*p + 3*p = -5*w + 55, -2*w = 2*p - 2. Suppose 7 = 5*c + b, w = 2*c - 0*c + 2*b. Suppose y + c = 9. What is the units digit of y?
8
Suppose -12 = -4*v, -2*z = -z + 4*v - 32. What is the tens digit of z?
2
What is the units digit of 201 - -5 - (0 + -3)?
9
Suppose -5*a - 80 = -4*k, -2*k + 3*k + 2*a - 33 = 0. What is the tens digit of 2 + -3 + k + 5?
2
Let p be -2 - 3/(1 - 0). Let t(d) = -d**2 - 8*d - 1. What is the tens digit of t(p)?
1
Suppose 5*j - 100 = 3*v, -2*v = 5*j - 0 - 125. What is the units digit of j?
3
Let x(d) = d**3 - 5*d**2 - 6*d + 6. What is the units digit of x(6)?
6
Suppose 20*r - 17*r - 39 = 0. What is the tens digit of r?
1
Let u be 2/4*-2*-1. Suppose u - 9 = -4*z. What is the units digit of 1*3*z - 2?
4
Suppose -4*s + 7*s - 9 = 0. Suppose -51 - 12 = -s*k. What is the tens digit of k + (-3)/6*6?
1
Let y(n) = n**3 + 9*n**2 - 2*n + 34. What is the units digit of y(-7)?
6
Let t(p) be the second derivative of p**3/6 + 2*p. What is the units digit of t(3)?
3
Let g(p) = -p + 6. Let n be g(-5). Let a = n - -13. What is the units digit of (a/9)/((-2)/(-6))?
8
Let g = 151 - 92. What is the tens digit of g?
5
Suppose -5*t + 2 = -4*t. What is the units digit of t?
2
Suppose -v - 2*v + 15 = 0, -3*v = -5*u + 50. Let k = u - 8. Suppose -4 = -g - 2*x + 1, k*g - 40 = 5*x. What is the units digit of g?
7
Let m(k) = -k**2 + 4*k - 3. Let p be m(3). Suppose -5*a + p*h = -h - 65, -4*a + 51 = -h. What is the tens digit of a?
1
Suppose -104 = -4*b + 152. What is the tens digit of b?
6
Let w(p) = p - 9. Let o be w(8). Let n be (-1)/o*(27 + -1). Suppose 0 = 4*h + n - 78. What is the tens digit of h?
1
Suppose 5*q - 17 = 8. Suppose 3*d + 14 = 2*p, q*p - p - d - 28 = 0. What is the units digit of p?
7
Suppose -8*o = -2*o - 726. What is the units digit of o?
1
Suppose -15 = -3*t + 9. Suppose 5*k + 40 = 3*q - t*q, 0 = 4*q + k + 20. Let u(c) = c**2 + 2*c + 2. What is the tens digit of u(q)?
1
Suppose -s - 11 = 4*q - 0*s, 5 = 5*s. Let w = q + 1. What is the units digit of 3 + (-2 + 4)/w?
2
Let j(r) = 5*r - 3*r - 3*r - 7. Let c be j(-6). What is the units digit of 2/c + (3 - -3)?
4
Suppose 2*w - 294 = -2*f, -2*w - 3*f + 7*f + 294 = 0. What is the hundreds digit of w?
1
What is the units digit of ((-390)/(-3))/((-6)/(-3))?
5
Suppose 2*l = -3*b - 30, 60 = -4*l - 3*b + 4*b. What is the units digit of (-2)/(3 + 47/l)?
5
Suppose -6*b - 103 = -307. What is the tens digit of b?
3
Suppose p - 197 = 5*k, 5*p = -5*k + 2*k + 1097. What is the hundreds digit of p?
2
Let c(l) = l**3 - 